{"id":58367,"date":"2025-09-17T08:51:39","date_gmt":"2025-09-17T06:51:39","guid":{"rendered":"https:\/\/dev.maicrosoft.eu\/procourbe\/?page_id=58367"},"modified":"2025-09-17T08:56:49","modified_gmt":"2025-09-17T06:56:49","slug":"mapa-del-sitio","status":"publish","type":"page","link":"https:\/\/dev.maicrosoft.eu\/procourbe\/mapa-del-sitio\/","title":{"rendered":"Mapa del sitio"},"content":{"rendered":"\t\t<div data-elementor-type=\"wp-page\" data-elementor-id=\"58367\" class=\"elementor elementor-58367\">\n\t\t\t\t\t\t<section class=\"elementor-section elementor-top-section elementor-element elementor-element-5d36df0 elementor-section-boxed elementor-section-height-default elementor-section-height-default sc_fly_static\" data-id=\"5d36df0\" data-element_type=\"section\">\n\t\t\t\t\t\t<div class=\"elementor-container elementor-column-gap-extended\">\n\t\t\t\t\t<div class=\"elementor-column elementor-col-100 elementor-top-column elementor-element elementor-element-d19605d sc_content_align_inherit sc_layouts_column_icons_position_left sc_fly_static\" data-id=\"d19605d\" data-element_type=\"column\">\n\t\t\t<div class=\"elementor-widget-wrap elementor-element-populated\">\n\t\t\t\t\t\t<div class=\"elementor-element elementor-element-299da07 sc_height_huge sc_fly_static elementor-widget elementor-widget-spacer\" data-id=\"299da07\" data-element_type=\"widget\" data-widget_type=\"spacer.default\">\n\t\t\t\t<div class=\"elementor-widget-container\">\n\t\t\t\t\t\t\t<div class=\"elementor-spacer\">\n\t\t\t<div class=\"elementor-spacer-inner\"><\/div>\n\t\t<\/div>\n\t\t\t\t\t\t<\/div>\n\t\t\t\t<\/div>\n\t\t\t\t\t<\/div>\n\t\t<\/div>\n\t\t\t\t\t<\/div>\n\t\t<\/section>\n\t\t\t\t<section class=\"elementor-section elementor-top-section elementor-element elementor-element-8f058c2 elementor-section-boxed elementor-section-height-default elementor-section-height-default sc_fly_static\" data-id=\"8f058c2\" data-element_type=\"section\">\n\t\t\t\t\t\t<div class=\"elementor-container elementor-column-gap-extended\">\n\t\t\t\t\t<div class=\"elementor-column elementor-col-100 elementor-top-column elementor-element elementor-element-890b84b sc_content_align_inherit sc_layouts_column_icons_position_left sc_fly_static\" data-id=\"890b84b\" data-element_type=\"column\">\n\t\t\t<div class=\"elementor-widget-wrap elementor-element-populated\">\n\t\t\t\t\t\t<div class=\"elementor-element elementor-element-3d14138 sc_fly_static elementor-widget elementor-widget-heading\" data-id=\"3d14138\" data-element_type=\"widget\" data-widget_type=\"heading.default\">\n\t\t\t\t<div class=\"elementor-widget-container\">\n\t\t\t\t\t<h1 class=\"elementor-heading-title elementor-size-default\">Mapa del sitio<\/h1>\t\t\t\t<\/div>\n\t\t\t\t<\/div>\n\t\t\t\t<div class=\"elementor-element elementor-element-d840f5e sc_fly_static elementor-widget elementor-widget-heading\" data-id=\"d840f5e\" data-element_type=\"widget\" data-widget_type=\"heading.default\">\n\t\t\t\t<div class=\"elementor-widget-container\">\n\t\t\t\t\t<h2 class=\"elementor-heading-title elementor-size-default\">Inicio<\/h2>\t\t\t\t<\/div>\n\t\t\t\t<\/div>\n\t\t\t\t<div class=\"elementor-element elementor-element-3711bce sc_fly_static elementor-widget elementor-widget-text-editor\" data-id=\"3711bce\" data-element_type=\"widget\" data-widget_type=\"text-editor.default\">\n\t\t\t\t<div class=\"elementor-widget-container\">\n\t\t\t\t\t\t\t\t\t<ul><li><a href=\"https:\/\/dev.maicrosoft.eu\/procourbe\/\">Inicio<\/a><\/li><li><a href=\"https:\/\/dev.maicrosoft.eu\/procourbe\/promocion-inmobiliaria\/\">Promoci\u00f3n inmobiliaria<\/a><ul><li><a href=\"https:\/\/dev.maicrosoft.eu\/procourbe\/residencial-san-jorge\/\">Residencial San Jorge<\/a><\/li><li><a href=\"https:\/\/dev.maicrosoft.eu\/procourbe\/el-mirador-de-los-angeles\/\">Mirador de Los \u00c1ngeles<\/a><\/li><\/ul><\/li><li><a href=\"https:\/\/dev.maicrosoft.eu\/procourbe\/sobre-nosotros\/\">Sobre nosotros<\/a><\/li><li><a href=\"https:\/\/dev.maicrosoft.eu\/procourbe\/contacto\/\">Contacto<\/a><\/li><\/ul>\t\t\t\t\t\t\t\t<\/div>\n\t\t\t\t<\/div>\n\t\t\t\t<div class=\"elementor-element elementor-element-051d275 sc_fly_static elementor-widget elementor-widget-heading\" data-id=\"051d275\" data-element_type=\"widget\" data-widget_type=\"heading.default\">\n\t\t\t\t<div class=\"elementor-widget-container\">\n\t\t\t\t\t<h2 class=\"elementor-heading-title elementor-size-default\">Accesibilidad<\/h2>\t\t\t\t<\/div>\n\t\t\t\t<\/div>\n\t\t\t\t<div class=\"elementor-element elementor-element-d3e515f sc_fly_static elementor-widget elementor-widget-text-editor\" data-id=\"d3e515f\" data-element_type=\"widget\" data-widget_type=\"text-editor.default\">\n\t\t\t\t<div class=\"elementor-widget-container\">\n\t\t\t\t\t\t\t\t\t<ul><li><a href=\"https:\/\/dev.maicrosoft.eu\/procourbe\/mapa-del-sitio\/\">Ayuda<\/a><\/li><li>Mapa del sitio<\/li><li>Declaraci\u00f3n de accesibilidad<\/li><\/ul>\t\t\t\t\t\t\t\t<\/div>\n\t\t\t\t<\/div>\n\t\t\t\t<div class=\"elementor-element elementor-element-cba0e5d sc_fly_static elementor-widget elementor-widget-heading\" data-id=\"cba0e5d\" data-element_type=\"widget\" data-widget_type=\"heading.default\">\n\t\t\t\t<div class=\"elementor-widget-container\">\n\t\t\t\t\t<h2 class=\"elementor-heading-title elementor-size-default\">Informaci\u00f3n legal<\/h2>\t\t\t\t<\/div>\n\t\t\t\t<\/div>\n\t\t\t\t<div class=\"elementor-element elementor-element-b6601e4 sc_fly_static elementor-widget elementor-widget-text-editor\" data-id=\"b6601e4\" data-element_type=\"widget\" data-widget_type=\"text-editor.default\">\n\t\t\t\t<div class=\"elementor-widget-container\">\n\t\t\t\t\t\t\t\t\t<ul><li><a href=\"https:\/\/dev.maicrosoft.eu\/procourbe\/privacidad-y-aviso-legal\/\">Privacidad y Aviso Legal<\/a><\/li><li><a href=\"https:\/\/dev.maicrosoft.eu\/procourbe\/politica-de-cookies\/\">Pol\u00edtica de cookies<\/a><\/li><li><a href=\"https:\/\/dev.maicrosoft.eu\/procourbe\/terminos-y-condiciones-generales\/\">T\u00e9rminos y Condiciones Generales<\/a><\/li><\/ul>\t\t\t\t\t\t\t\t<\/div>\n\t\t\t\t<\/div>\n\t\t\t\t<div class=\"elementor-element elementor-element-ca9c219 sc_height_huge sc_fly_static elementor-widget elementor-widget-spacer\" data-id=\"ca9c219\" data-element_type=\"widget\" data-widget_type=\"spacer.default\">\n\t\t\t\t<div class=\"elementor-widget-container\">\n\t\t\t\t\t\t\t<div class=\"elementor-spacer\">\n\t\t\t<div class=\"elementor-spacer-inner\"><\/div>\n\t\t<\/div>\n\t\t\t\t\t\t<\/div>\n\t\t\t\t<\/div>\n\t\t\t\t\t<\/div>\n\t\t<\/div>\n\t\t\t\t\t<\/div>\n\t\t<\/section>\n\t\t\t\t<section class=\"elementor-section elementor-top-section elementor-element elementor-element-9df89a3 elementor-section-boxed elementor-section-height-default elementor-section-height-default sc_fly_static\" data-id=\"9df89a3\" data-element_type=\"section\">\n\t\t\t\t\t\t<div class=\"elementor-container elementor-column-gap-extended\">\n\t\t\t\t\t<div class=\"elementor-column elementor-col-100 elementor-top-column elementor-element elementor-element-b3a610d sc_content_align_inherit sc_layouts_column_icons_position_left sc_fly_static\" data-id=\"b3a610d\" data-element_type=\"column\">\n\t\t\t<div class=\"elementor-widget-wrap elementor-element-populated\">\n\t\t\t\t\t\t<div class=\"elementor-element elementor-element-68364d4 sc_fly_static elementor-widget elementor-widget-spacer\" data-id=\"68364d4\" data-element_type=\"widget\" data-widget_type=\"spacer.default\">\n\t\t\t\t<div class=\"elementor-widget-container\">\n\t\t\t\t\t\t\t<div class=\"elementor-spacer\">\n\t\t\t<div class=\"elementor-spacer-inner\"><\/div>\n\t\t<\/div>\n\t\t\t\t\t\t<\/div>\n\t\t\t\t<\/div>\n\t\t\t\t\t<\/div>\n\t\t<\/div>\n\t\t\t\t\t<\/div>\n\t\t<\/section>\n\t\t\t\t<\/div>\n\t\t","protected":false},"excerpt":{"rendered":"<p>Mapa del sitio Inicio Inicio Promoci\u00f3n inmobiliaria Residencial San Jorge Mirador de Los \u00c1ngeles Sobre nosotros Contacto Accesibilidad Ayuda Mapa del sitio Declaraci\u00f3n de accesibilidad Informaci\u00f3n legal Privacidad y Aviso&hellip;<\/p>\n","protected":false},"author":1,"featured_media":0,"parent":0,"menu_order":0,"comment_status":"closed","ping_status":"closed","template":"","meta":{"footnotes":""},"class_list":["post-58367","page","type-page","status-publish","hentry"],"yoast_head":"<!-- This site is optimized with the Yoast SEO plugin v25.8 - https:\/\/yoast.com\/wordpress\/plugins\/seo\/ -->\n<title>Mapa del sitio - Procourbe<\/title>\n<meta name=\"robots\" content=\"noindex, follow, max-snippet:-1, max-image-preview:large, max-video-preview:-1\" \/>\n<meta property=\"og:locale\" content=\"es_ES\" \/>\n<meta property=\"og:type\" content=\"article\" \/>\n<meta property=\"og:title\" content=\"Mapa del sitio - Procourbe\" \/>\n<meta property=\"og:description\" content=\"Mapa del sitio Inicio Inicio Promoci\u00f3n inmobiliaria Residencial San Jorge Mirador de Los \u00c1ngeles Sobre nosotros Contacto Accesibilidad Ayuda Mapa del sitio Declaraci\u00f3n de accesibilidad Informaci\u00f3n legal Privacidad y Aviso&hellip;\" \/>\n<meta property=\"og:url\" content=\"https:\/\/dev.maicrosoft.eu\/procourbe\/mapa-del-sitio\/\" \/>\n<meta property=\"og:site_name\" content=\"Procourbe\" \/>\n<meta property=\"article:modified_time\" content=\"2025-09-17T06:56:49+00:00\" \/>\n<meta name=\"twitter:card\" content=\"summary_large_image\" \/>\n<meta name=\"twitter:label1\" content=\"Tiempo de lectura\" \/>\n\t<meta name=\"twitter:data1\" content=\"1 minuto\" \/>\n<script type=\"application\/ld+json\" class=\"yoast-schema-graph\">{\"@context\":\"https:\/\/schema.org\",\"@graph\":[{\"@type\":\"WebPage\",\"@id\":\"https:\/\/dev.maicrosoft.eu\/procourbe\/mapa-del-sitio\/\",\"url\":\"https:\/\/dev.maicrosoft.eu\/procourbe\/mapa-del-sitio\/\",\"name\":\"Mapa del sitio - Procourbe\",\"isPartOf\":{\"@id\":\"https:\/\/dev.maicrosoft.eu\/procourbe\/#website\"},\"datePublished\":\"2025-09-17T06:51:39+00:00\",\"dateModified\":\"2025-09-17T06:56:49+00:00\",\"breadcrumb\":{\"@id\":\"https:\/\/dev.maicrosoft.eu\/procourbe\/mapa-del-sitio\/#breadcrumb\"},\"inLanguage\":\"es\",\"potentialAction\":[{\"@type\":\"ReadAction\",\"target\":[\"https:\/\/dev.maicrosoft.eu\/procourbe\/mapa-del-sitio\/\"]}]},{\"@type\":\"BreadcrumbList\",\"@id\":\"https:\/\/dev.maicrosoft.eu\/procourbe\/mapa-del-sitio\/#breadcrumb\",\"itemListElement\":[{\"@type\":\"ListItem\",\"position\":1,\"name\":\"Portada\",\"item\":\"https:\/\/dev.maicrosoft.eu\/procourbe\/\"},{\"@type\":\"ListItem\",\"position\":2,\"name\":\"Mapa del sitio\"}]},{\"@type\":\"WebSite\",\"@id\":\"https:\/\/dev.maicrosoft.eu\/procourbe\/#website\",\"url\":\"https:\/\/dev.maicrosoft.eu\/procourbe\/\",\"name\":\"Procourbe\",\"description\":\"\",\"publisher\":{\"@id\":\"https:\/\/dev.maicrosoft.eu\/procourbe\/#organization\"},\"potentialAction\":[{\"@type\":\"SearchAction\",\"target\":{\"@type\":\"EntryPoint\",\"urlTemplate\":\"https:\/\/dev.maicrosoft.eu\/procourbe\/?s={search_term_string}\"},\"query-input\":{\"@type\":\"PropertyValueSpecification\",\"valueRequired\":true,\"valueName\":\"search_term_string\"}}],\"inLanguage\":\"es\"},{\"@type\":\"Organization\",\"@id\":\"https:\/\/dev.maicrosoft.eu\/procourbe\/#organization\",\"name\":\"Procourbe\",\"url\":\"https:\/\/dev.maicrosoft.eu\/procourbe\/\",\"logo\":{\"@type\":\"ImageObject\",\"inLanguage\":\"es\",\"@id\":\"https:\/\/dev.maicrosoft.eu\/procourbe\/#\/schema\/logo\/image\/\",\"url\":\"https:\/\/dev.maicrosoft.eu\/procourbe\/wp-content\/uploads\/2025\/09\/Logo_procourbe.png\",\"contentUrl\":\"https:\/\/dev.maicrosoft.eu\/procourbe\/wp-content\/uploads\/2025\/09\/Logo_procourbe.png\",\"width\":281,\"height\":97,\"caption\":\"Procourbe\"},\"image\":{\"@id\":\"https:\/\/dev.maicrosoft.eu\/procourbe\/#\/schema\/logo\/image\/\"}}]}<\/script>\n<!-- \/ Yoast SEO plugin. -->","yoast_head_json":{"title":"Mapa del sitio - Procourbe","robots":{"index":"noindex","follow":"follow","max-snippet":"max-snippet:-1","max-image-preview":"max-image-preview:large","max-video-preview":"max-video-preview:-1"},"og_locale":"es_ES","og_type":"article","og_title":"Mapa del sitio - Procourbe","og_description":"Mapa del sitio Inicio Inicio Promoci\u00f3n inmobiliaria Residencial San Jorge Mirador de Los \u00c1ngeles Sobre nosotros Contacto Accesibilidad Ayuda Mapa del sitio Declaraci\u00f3n de accesibilidad Informaci\u00f3n legal Privacidad y Aviso&hellip;","og_url":"https:\/\/dev.maicrosoft.eu\/procourbe\/mapa-del-sitio\/","og_site_name":"Procourbe","article_modified_time":"2025-09-17T06:56:49+00:00","twitter_card":"summary_large_image","twitter_misc":{"Tiempo de lectura":"1 minuto"},"schema":{"@context":"https:\/\/schema.org","@graph":[{"@type":"WebPage","@id":"https:\/\/dev.maicrosoft.eu\/procourbe\/mapa-del-sitio\/","url":"https:\/\/dev.maicrosoft.eu\/procourbe\/mapa-del-sitio\/","name":"Mapa del sitio - Procourbe","isPartOf":{"@id":"https:\/\/dev.maicrosoft.eu\/procourbe\/#website"},"datePublished":"2025-09-17T06:51:39+00:00","dateModified":"2025-09-17T06:56:49+00:00","breadcrumb":{"@id":"https:\/\/dev.maicrosoft.eu\/procourbe\/mapa-del-sitio\/#breadcrumb"},"inLanguage":"es","potentialAction":[{"@type":"ReadAction","target":["https:\/\/dev.maicrosoft.eu\/procourbe\/mapa-del-sitio\/"]}]},{"@type":"BreadcrumbList","@id":"https:\/\/dev.maicrosoft.eu\/procourbe\/mapa-del-sitio\/#breadcrumb","itemListElement":[{"@type":"ListItem","position":1,"name":"Portada","item":"https:\/\/dev.maicrosoft.eu\/procourbe\/"},{"@type":"ListItem","position":2,"name":"Mapa del sitio"}]},{"@type":"WebSite","@id":"https:\/\/dev.maicrosoft.eu\/procourbe\/#website","url":"https:\/\/dev.maicrosoft.eu\/procourbe\/","name":"Procourbe","description":"","publisher":{"@id":"https:\/\/dev.maicrosoft.eu\/procourbe\/#organization"},"potentialAction":[{"@type":"SearchAction","target":{"@type":"EntryPoint","urlTemplate":"https:\/\/dev.maicrosoft.eu\/procourbe\/?s={search_term_string}"},"query-input":{"@type":"PropertyValueSpecification","valueRequired":true,"valueName":"search_term_string"}}],"inLanguage":"es"},{"@type":"Organization","@id":"https:\/\/dev.maicrosoft.eu\/procourbe\/#organization","name":"Procourbe","url":"https:\/\/dev.maicrosoft.eu\/procourbe\/","logo":{"@type":"ImageObject","inLanguage":"es","@id":"https:\/\/dev.maicrosoft.eu\/procourbe\/#\/schema\/logo\/image\/","url":"https:\/\/dev.maicrosoft.eu\/procourbe\/wp-content\/uploads\/2025\/09\/Logo_procourbe.png","contentUrl":"https:\/\/dev.maicrosoft.eu\/procourbe\/wp-content\/uploads\/2025\/09\/Logo_procourbe.png","width":281,"height":97,"caption":"Procourbe"},"image":{"@id":"https:\/\/dev.maicrosoft.eu\/procourbe\/#\/schema\/logo\/image\/"}}]}},"_links":{"self":[{"href":"https:\/\/dev.maicrosoft.eu\/procourbe\/wp-json\/wp\/v2\/pages\/58367","targetHints":{"allow":["GET"]}}],"collection":[{"href":"https:\/\/dev.maicrosoft.eu\/procourbe\/wp-json\/wp\/v2\/pages"}],"about":[{"href":"https:\/\/dev.maicrosoft.eu\/procourbe\/wp-json\/wp\/v2\/types\/page"}],"author":[{"embeddable":true,"href":"https:\/\/dev.maicrosoft.eu\/procourbe\/wp-json\/wp\/v2\/users\/1"}],"replies":[{"embeddable":true,"href":"https:\/\/dev.maicrosoft.eu\/procourbe\/wp-json\/wp\/v2\/comments?post=58367"}],"version-history":[{"count":10,"href":"https:\/\/dev.maicrosoft.eu\/procourbe\/wp-json\/wp\/v2\/pages\/58367\/revisions"}],"predecessor-version":[{"id":58377,"href":"https:\/\/dev.maicrosoft.eu\/procourbe\/wp-json\/wp\/v2\/pages\/58367\/revisions\/58377"}],"wp:attachment":[{"href":"https:\/\/dev.maicrosoft.eu\/procourbe\/wp-json\/wp\/v2\/media?parent=58367"}],"curies":[{"name":"wp","href":"https:\/\/api.w.org\/{rel}","templated":true}]}}