{"id":58140,"date":"2025-09-15T09:36:26","date_gmt":"2025-09-15T07:36:26","guid":{"rendered":"https:\/\/dev.maicrosoft.eu\/procourbe\/?page_id=58140"},"modified":"2025-09-15T09:40:16","modified_gmt":"2025-09-15T07:40:16","slug":"politica-de-cookies","status":"publish","type":"page","link":"https:\/\/dev.maicrosoft.eu\/procourbe\/politica-de-cookies\/","title":{"rendered":"Pol\u00edtica de cookies"},"content":{"rendered":"\t\t<div data-elementor-type=\"wp-page\" data-elementor-id=\"58140\" class=\"elementor elementor-58140\">\n\t\t\t\t\t\t<section class=\"elementor-section elementor-top-section elementor-element elementor-element-5d36df0 elementor-section-boxed elementor-section-height-default elementor-section-height-default sc_fly_static\" data-id=\"5d36df0\" data-element_type=\"section\">\n\t\t\t\t\t\t<div class=\"elementor-container elementor-column-gap-extended\">\n\t\t\t\t\t<div class=\"elementor-column elementor-col-100 elementor-top-column elementor-element elementor-element-d19605d sc_content_align_inherit sc_layouts_column_icons_position_left sc_fly_static\" data-id=\"d19605d\" data-element_type=\"column\">\n\t\t\t<div class=\"elementor-widget-wrap elementor-element-populated\">\n\t\t\t\t\t\t<div class=\"elementor-element elementor-element-299da07 sc_height_huge sc_fly_static elementor-widget elementor-widget-spacer\" data-id=\"299da07\" data-element_type=\"widget\" data-widget_type=\"spacer.default\">\n\t\t\t\t<div class=\"elementor-widget-container\">\n\t\t\t\t\t\t\t<div class=\"elementor-spacer\">\n\t\t\t<div class=\"elementor-spacer-inner\"><\/div>\n\t\t<\/div>\n\t\t\t\t\t\t<\/div>\n\t\t\t\t<\/div>\n\t\t\t\t\t<\/div>\n\t\t<\/div>\n\t\t\t\t\t<\/div>\n\t\t<\/section>\n\t\t\t\t<section class=\"elementor-section elementor-top-section elementor-element elementor-element-8f058c2 elementor-section-boxed elementor-section-height-default elementor-section-height-default sc_fly_static\" data-id=\"8f058c2\" data-element_type=\"section\">\n\t\t\t\t\t\t<div class=\"elementor-container elementor-column-gap-extended\">\n\t\t\t\t\t<div class=\"elementor-column elementor-col-100 elementor-top-column elementor-element elementor-element-890b84b sc_content_align_inherit sc_layouts_column_icons_position_left sc_fly_static\" data-id=\"890b84b\" data-element_type=\"column\">\n\t\t\t<div class=\"elementor-widget-wrap elementor-element-populated\">\n\t\t\t\t\t\t<div class=\"elementor-element elementor-element-34b25c3 sc_fly_static elementor-widget elementor-widget-text-editor\" data-id=\"34b25c3\" data-element_type=\"widget\" data-widget_type=\"text-editor.default\">\n\t\t\t\t<div class=\"elementor-widget-container\">\n\t\t\t\t\t\t\t\t\t<p>Las cookies constituyen una herramienta empleada por los servidores Web para almacenar y recuperar informaci\u00f3n acerca de sus visitantes o usuarios.<br \/>No es m\u00e1s que un fichero de texto que algunos servidores instalan durante la navegaci\u00f3n y que permiten conocer informaci\u00f3n como por ejemplo: el lugar desde el que accede, el tiempo de conexi\u00f3n, el dispositivo desde el que accede (fijo o m\u00f3vil), el sistema operativo y navegador utilizados, las p\u00e1ginas m\u00e1s visitadas, el n\u00famero de clics realizados y de datos respecto al comportamiento del usuario en Internet.<br \/>No proporcionan referencias que permitan deducir el nombre y apellidos del usuario y no pueden leer datos de su disco duro ni incluir virus en sus equipos.<br \/>Asimismo, no puede leer las cookies implantadas en el disco duro del usuario desde otros servidores.<\/p>\t\t\t\t\t\t\t\t<\/div>\n\t\t\t\t<\/div>\n\t\t\t\t<div class=\"elementor-element elementor-element-d5b564f sc_fly_static elementor-widget elementor-widget-heading\" data-id=\"d5b564f\" data-element_type=\"widget\" data-widget_type=\"heading.default\">\n\t\t\t\t<div class=\"elementor-widget-container\">\n\t\t\t\t\t<h2 class=\"elementor-heading-title elementor-size-default\">\u00bfPor qu\u00e9 son importantes?<\/h2>\t\t\t\t<\/div>\n\t\t\t\t<\/div>\n\t\t\t\t<div class=\"elementor-element elementor-element-93d48f8 sc_fly_static elementor-widget elementor-widget-text-editor\" data-id=\"93d48f8\" data-element_type=\"widget\" data-widget_type=\"text-editor.default\">\n\t\t\t\t<div class=\"elementor-widget-container\">\n\t\t\t\t\t\t\t\t\t<p>El sitio web es accesible sin necesidad de que las cookies est\u00e9n activadas, si bien, su desactivaci\u00f3n puede impedir su funcionamiento correcto.<br \/>Desde un punto de vista t\u00e9cnico las cookies permiten que los sitios web funcionen de forma m\u00e1s \u00e1gil y adaptada a las preferencias de los usuarios, como por ejemplo almacenar el idioma, la moneda del pa\u00eds o detectar el dispositivo de acceso.<br \/>Establecen niveles de protecci\u00f3n y seguridad que Impiden o dificultan ciberataques contra el sitio web o sus usuarios.<br \/>Permiten que los gestores de los medios puedan conocer datos estad\u00edsticos recopilados para mejorar la calidad y experiencia de sus servicios.<br \/>Sirven para optimizar la publicidad que mostramos a los usuarios, ofreciendo la que m\u00e1s se ajusta a sus intereses.\u00a0<\/p>\t\t\t\t\t\t\t\t<\/div>\n\t\t\t\t<\/div>\n\t\t\t\t<div class=\"elementor-element elementor-element-9d6104c sc_fly_static elementor-widget elementor-widget-heading\" data-id=\"9d6104c\" data-element_type=\"widget\" data-widget_type=\"heading.default\">\n\t\t\t\t<div class=\"elementor-widget-container\">\n\t\t\t\t\t<h2 class=\"elementor-heading-title elementor-size-default\">Autorizaci\u00f3n para el uso de cookies<\/h2>\t\t\t\t<\/div>\n\t\t\t\t<\/div>\n\t\t\t\t<div class=\"elementor-element elementor-element-36996ef sc_fly_static elementor-widget elementor-widget-text-editor\" data-id=\"36996ef\" data-element_type=\"widget\" data-widget_type=\"text-editor.default\">\n\t\t\t\t<div class=\"elementor-widget-container\">\n\t\t\t\t\t\t\t\t\t<p>En el sitio web aparece un Aviso de Cookies que el usuario o visitante puede aceptar, consintiendo expresamente al uso de las cookies seg\u00fan se indica a continuaci\u00f3n.<br \/>El usuario puede configurar su navegador para rechazar por defecto todas las cookies o para recibir un aviso en pantalla de la recepci\u00f3n de cada cookie y decidir sobre su instalaci\u00f3n o no en su disco duro.\u00a0<\/p>\t\t\t\t\t\t\t\t<\/div>\n\t\t\t\t<\/div>\n\t\t\t\t<div class=\"elementor-element elementor-element-91675cc sc_fly_static elementor-widget elementor-widget-heading\" data-id=\"91675cc\" data-element_type=\"widget\" data-widget_type=\"heading.default\">\n\t\t\t\t<div class=\"elementor-widget-container\">\n\t\t\t\t\t<h2 class=\"elementor-heading-title elementor-size-default\">Configuraci\u00f3n del navegador<\/h2>\t\t\t\t<\/div>\n\t\t\t\t<\/div>\n\t\t\t\t<div class=\"elementor-element elementor-element-6d61a48 sc_fly_static elementor-widget elementor-widget-text-editor\" data-id=\"6d61a48\" data-element_type=\"widget\" data-widget_type=\"text-editor.default\">\n\t\t\t\t<div class=\"elementor-widget-container\">\n\t\t\t\t\t\t\t\t\t<p>PROCOURBE S.L. recuerda a sus usuarios que el uso de cookies podr\u00e1 estar sujeto a su aceptaci\u00f3n durante la instalaci\u00f3n o actualizaci\u00f3n del navegador utilizado por \u00e9stos Esta aceptaci\u00f3n podr\u00e1 ser revocada mediante las opciones de configuraci\u00f3n de contenidos y privacidad disponibles en el mismo. El Titular recomienda a sus usuarios que consulten la ayuda de su navegador o acceda a las p\u00e1ginas web de ayuda de los principales navegadores: Firefox, Internet Explorer, Safari, Chrome.<br \/>Si desea m\u00e1s informaci\u00f3n acerca de c\u00f3mo revocar el consentimiento prestado o sobre el procedimiento para deshabilitar las cookies, as\u00ed como realizar alguna pregunta sobre la Pol\u00edtica de Cookies, puede contactar con el titular a trav\u00e9s de la siguiente direcci\u00f3n de correo electr\u00f3nico PROCOURBE@PROCOURBE.COM indicando \u201cPol\u00edtica de cookies\u201d en el asunto.<\/p>\t\t\t\t\t\t\t\t<\/div>\n\t\t\t\t<\/div>\n\t\t\t\t<div class=\"elementor-element elementor-element-72d8266 sc_fly_static elementor-widget elementor-widget-heading\" data-id=\"72d8266\" data-element_type=\"widget\" data-widget_type=\"heading.default\">\n\t\t\t\t<div class=\"elementor-widget-container\">\n\t\t\t\t\t<h2 class=\"elementor-heading-title elementor-size-default\">Tipos de Cookies que se utilizan en la Web<\/h2>\t\t\t\t<\/div>\n\t\t\t\t<\/div>\n\t\t\t\t<div class=\"elementor-element elementor-element-b4f4ba7 sc_fly_static elementor-widget elementor-widget-text-editor\" data-id=\"b4f4ba7\" data-element_type=\"widget\" data-widget_type=\"text-editor.default\">\n\t\t\t\t<div class=\"elementor-widget-container\">\n\t\t\t\t\t\t\t\t\t<p>El usuario que navega por la Web puede encontrar cookies insertadas directamente por el titular, o bien cookies insertadas por entidades distintas al titular, seg\u00fan lo detallado en los siguientes apartados:<br \/>(indicar los tipos de cookies empleadas)<br \/><strong>* Cookies de sesi\u00f3n<\/strong> , expiran cuando el usuario abandona la p\u00e1gina o cierra el navegador, es decir, est\u00e1n activas mientras dura la visita al sitio web y por tanto son borradas de nuestro ordenador al abandonarlo.<br \/><strong>* Cookies permanentes,<\/strong> expiran cuando se cumple el objetivo para el que sirven o bien cuando se borran manualmente, tienen fecha de borrado y se utilizan normalmente en proceso de compra online, personalizaciones o en el registro, para no tener que introducir una contrase\u00f1a constantemente.<br \/>Seg\u00fan la entidad que gestiona el equipo o dominio desde donde se env\u00edan las cookies y trata los datos que se obtengan, podemos distinguir entre Cookies propias y de terceros.<br \/><strong>* Cookies propias<\/strong> son aquellas cookies que son enviadas al ordenador del usuario y son gestionadas exclusivamente por nosotros para el mejor funcionamiento del Sitio Web. La informaci\u00f3n que recabamos se emplea para mejorar la calidad de nuestro servicio y tu experiencia como usuario.<br \/><strong>* Cookies de terceros<\/strong>, cuando el usuario interact\u00faa con el contenido de nuestro sitio Web tambi\u00e9n pueden establecerse cookies de terceros (por ejemplo, al pulsar botones de redes sociales o visionar v\u00eddeos alojados en otro sitio web), que son aquellas establecidas por un dominio diferente de nuestro Sitio Web. No podemos acceder a los datos almacenados en las cookies de otros sitios web cuando navegues en los citados sitios web.<\/p>\t\t\t\t\t\t\t\t<\/div>\n\t\t\t\t<\/div>\n\t\t\t\t<div class=\"elementor-element elementor-element-dc0700b sc_fly_static elementor-widget elementor-widget-text-editor\" data-id=\"dc0700b\" data-element_type=\"widget\" data-widget_type=\"text-editor.default\">\n\t\t\t\t<div class=\"elementor-widget-container\">\n\t\t\t\t\t\t\t\t\t<p>Esta p\u00e1gina web no est\u00e1 dirigida a usuarios menores de edad. Si usted es menor de edad, por favor no intente registrarse como usuario. Si descubrimos que por error hemos obtenido informaci\u00f3n personal de un menor, eliminaremos dicha informaci\u00f3n lo antes posible.\u00a0<\/p>\t\t\t\t\t\t\t\t<\/div>\n\t\t\t\t<\/div>\n\t\t\t\t<div class=\"elementor-element elementor-element-ca9c219 sc_height_huge sc_fly_static elementor-widget elementor-widget-spacer\" data-id=\"ca9c219\" data-element_type=\"widget\" data-widget_type=\"spacer.default\">\n\t\t\t\t<div class=\"elementor-widget-container\">\n\t\t\t\t\t\t\t<div class=\"elementor-spacer\">\n\t\t\t<div class=\"elementor-spacer-inner\"><\/div>\n\t\t<\/div>\n\t\t\t\t\t\t<\/div>\n\t\t\t\t<\/div>\n\t\t\t\t\t<\/div>\n\t\t<\/div>\n\t\t\t\t\t<\/div>\n\t\t<\/section>\n\t\t\t\t<section class=\"elementor-section elementor-top-section elementor-element elementor-element-9df89a3 elementor-section-boxed elementor-section-height-default elementor-section-height-default sc_fly_static\" data-id=\"9df89a3\" data-element_type=\"section\">\n\t\t\t\t\t\t<div class=\"elementor-container elementor-column-gap-extended\">\n\t\t\t\t\t<div class=\"elementor-column elementor-col-100 elementor-top-column elementor-element elementor-element-b3a610d sc_content_align_inherit sc_layouts_column_icons_position_left sc_fly_static\" data-id=\"b3a610d\" data-element_type=\"column\">\n\t\t\t<div class=\"elementor-widget-wrap elementor-element-populated\">\n\t\t\t\t\t\t<div class=\"elementor-element elementor-element-68364d4 sc_fly_static elementor-widget elementor-widget-spacer\" data-id=\"68364d4\" data-element_type=\"widget\" data-widget_type=\"spacer.default\">\n\t\t\t\t<div class=\"elementor-widget-container\">\n\t\t\t\t\t\t\t<div class=\"elementor-spacer\">\n\t\t\t<div class=\"elementor-spacer-inner\"><\/div>\n\t\t<\/div>\n\t\t\t\t\t\t<\/div>\n\t\t\t\t<\/div>\n\t\t\t\t\t<\/div>\n\t\t<\/div>\n\t\t\t\t\t<\/div>\n\t\t<\/section>\n\t\t\t\t<\/div>\n\t\t","protected":false},"excerpt":{"rendered":"<p>Las cookies constituyen una herramienta empleada por los servidores Web para almacenar y recuperar informaci\u00f3n acerca de sus visitantes o usuarios.No es m\u00e1s que un fichero de texto que algunos&hellip;<\/p>\n","protected":false},"author":1,"featured_media":57978,"parent":0,"menu_order":0,"comment_status":"closed","ping_status":"closed","template":"","meta":{"footnotes":""},"class_list":["post-58140","page","type-page","status-publish","has-post-thumbnail","hentry"],"yoast_head":"<!-- This site is optimized with the Yoast SEO plugin v25.8 - https:\/\/yoast.com\/wordpress\/plugins\/seo\/ -->\n<title>Pol\u00edtica de cookies - Procourbe<\/title>\n<meta name=\"robots\" content=\"noindex, follow, max-snippet:-1, max-image-preview:large, max-video-preview:-1\" \/>\n<meta property=\"og:locale\" content=\"es_ES\" \/>\n<meta property=\"og:type\" content=\"article\" \/>\n<meta property=\"og:title\" content=\"Pol\u00edtica de cookies - Procourbe\" \/>\n<meta property=\"og:description\" content=\"Las cookies constituyen una herramienta empleada por los servidores Web para almacenar y recuperar informaci\u00f3n acerca de sus visitantes o usuarios.No es m\u00e1s que un fichero de texto que algunos&hellip;\" \/>\n<meta property=\"og:url\" content=\"https:\/\/dev.maicrosoft.eu\/procourbe\/politica-de-cookies\/\" \/>\n<meta property=\"og:site_name\" content=\"Procourbe\" \/>\n<meta property=\"article:modified_time\" content=\"2025-09-15T07:40:16+00:00\" \/>\n<meta property=\"og:image\" content=\"https:\/\/dev.maicrosoft.eu\/procourbe\/wp-content\/uploads\/2025\/09\/mayer-tawfik-48p7Msgwa84-unsplash-scaled.jpg\" \/>\n\t<meta property=\"og:image:width\" content=\"1707\" \/>\n\t<meta property=\"og:image:height\" content=\"2560\" \/>\n\t<meta property=\"og:image:type\" content=\"image\/jpeg\" \/>\n<meta name=\"twitter:card\" content=\"summary_large_image\" \/>\n<meta name=\"twitter:label1\" content=\"Tiempo de lectura\" \/>\n\t<meta name=\"twitter:data1\" content=\"4 minutos\" \/>\n<script type=\"application\/ld+json\" class=\"yoast-schema-graph\">{\"@context\":\"https:\/\/schema.org\",\"@graph\":[{\"@type\":\"WebPage\",\"@id\":\"https:\/\/dev.maicrosoft.eu\/procourbe\/politica-de-cookies\/\",\"url\":\"https:\/\/dev.maicrosoft.eu\/procourbe\/politica-de-cookies\/\",\"name\":\"Pol\u00edtica de cookies - Procourbe\",\"isPartOf\":{\"@id\":\"https:\/\/dev.maicrosoft.eu\/procourbe\/#website\"},\"primaryImageOfPage\":{\"@id\":\"https:\/\/dev.maicrosoft.eu\/procourbe\/politica-de-cookies\/#primaryimage\"},\"image\":{\"@id\":\"https:\/\/dev.maicrosoft.eu\/procourbe\/politica-de-cookies\/#primaryimage\"},\"thumbnailUrl\":\"https:\/\/dev.maicrosoft.eu\/procourbe\/wp-content\/uploads\/2025\/09\/mayer-tawfik-48p7Msgwa84-unsplash-scaled.jpg\",\"datePublished\":\"2025-09-15T07:36:26+00:00\",\"dateModified\":\"2025-09-15T07:40:16+00:00\",\"breadcrumb\":{\"@id\":\"https:\/\/dev.maicrosoft.eu\/procourbe\/politica-de-cookies\/#breadcrumb\"},\"inLanguage\":\"es\",\"potentialAction\":[{\"@type\":\"ReadAction\",\"target\":[\"https:\/\/dev.maicrosoft.eu\/procourbe\/politica-de-cookies\/\"]}]},{\"@type\":\"ImageObject\",\"inLanguage\":\"es\",\"@id\":\"https:\/\/dev.maicrosoft.eu\/procourbe\/politica-de-cookies\/#primaryimage\",\"url\":\"https:\/\/dev.maicrosoft.eu\/procourbe\/wp-content\/uploads\/2025\/09\/mayer-tawfik-48p7Msgwa84-unsplash-scaled.jpg\",\"contentUrl\":\"https:\/\/dev.maicrosoft.eu\/procourbe\/wp-content\/uploads\/2025\/09\/mayer-tawfik-48p7Msgwa84-unsplash-scaled.jpg\",\"width\":1707,\"height\":2560,\"caption\":\"\\\"\\\"\"},{\"@type\":\"BreadcrumbList\",\"@id\":\"https:\/\/dev.maicrosoft.eu\/procourbe\/politica-de-cookies\/#breadcrumb\",\"itemListElement\":[{\"@type\":\"ListItem\",\"position\":1,\"name\":\"Portada\",\"item\":\"https:\/\/dev.maicrosoft.eu\/procourbe\/\"},{\"@type\":\"ListItem\",\"position\":2,\"name\":\"Pol\u00edtica de cookies\"}]},{\"@type\":\"WebSite\",\"@id\":\"https:\/\/dev.maicrosoft.eu\/procourbe\/#website\",\"url\":\"https:\/\/dev.maicrosoft.eu\/procourbe\/\",\"name\":\"Procourbe\",\"description\":\"\",\"publisher\":{\"@id\":\"https:\/\/dev.maicrosoft.eu\/procourbe\/#organization\"},\"potentialAction\":[{\"@type\":\"SearchAction\",\"target\":{\"@type\":\"EntryPoint\",\"urlTemplate\":\"https:\/\/dev.maicrosoft.eu\/procourbe\/?s={search_term_string}\"},\"query-input\":{\"@type\":\"PropertyValueSpecification\",\"valueRequired\":true,\"valueName\":\"search_term_string\"}}],\"inLanguage\":\"es\"},{\"@type\":\"Organization\",\"@id\":\"https:\/\/dev.maicrosoft.eu\/procourbe\/#organization\",\"name\":\"Procourbe\",\"url\":\"https:\/\/dev.maicrosoft.eu\/procourbe\/\",\"logo\":{\"@type\":\"ImageObject\",\"inLanguage\":\"es\",\"@id\":\"https:\/\/dev.maicrosoft.eu\/procourbe\/#\/schema\/logo\/image\/\",\"url\":\"https:\/\/dev.maicrosoft.eu\/procourbe\/wp-content\/uploads\/2025\/09\/Logo_procourbe.png\",\"contentUrl\":\"https:\/\/dev.maicrosoft.eu\/procourbe\/wp-content\/uploads\/2025\/09\/Logo_procourbe.png\",\"width\":281,\"height\":97,\"caption\":\"Procourbe\"},\"image\":{\"@id\":\"https:\/\/dev.maicrosoft.eu\/procourbe\/#\/schema\/logo\/image\/\"}}]}<\/script>\n<!-- \/ Yoast SEO plugin. -->","yoast_head_json":{"title":"Pol\u00edtica de cookies - Procourbe","robots":{"index":"noindex","follow":"follow","max-snippet":"max-snippet:-1","max-image-preview":"max-image-preview:large","max-video-preview":"max-video-preview:-1"},"og_locale":"es_ES","og_type":"article","og_title":"Pol\u00edtica de cookies - Procourbe","og_description":"Las cookies constituyen una herramienta empleada por los servidores Web para almacenar y recuperar informaci\u00f3n acerca de sus visitantes o usuarios.No es m\u00e1s que un fichero de texto que algunos&hellip;","og_url":"https:\/\/dev.maicrosoft.eu\/procourbe\/politica-de-cookies\/","og_site_name":"Procourbe","article_modified_time":"2025-09-15T07:40:16+00:00","og_image":[{"width":1707,"height":2560,"url":"https:\/\/dev.maicrosoft.eu\/procourbe\/wp-content\/uploads\/2025\/09\/mayer-tawfik-48p7Msgwa84-unsplash-scaled.jpg","type":"image\/jpeg"}],"twitter_card":"summary_large_image","twitter_misc":{"Tiempo de lectura":"4 minutos"},"schema":{"@context":"https:\/\/schema.org","@graph":[{"@type":"WebPage","@id":"https:\/\/dev.maicrosoft.eu\/procourbe\/politica-de-cookies\/","url":"https:\/\/dev.maicrosoft.eu\/procourbe\/politica-de-cookies\/","name":"Pol\u00edtica de cookies - Procourbe","isPartOf":{"@id":"https:\/\/dev.maicrosoft.eu\/procourbe\/#website"},"primaryImageOfPage":{"@id":"https:\/\/dev.maicrosoft.eu\/procourbe\/politica-de-cookies\/#primaryimage"},"image":{"@id":"https:\/\/dev.maicrosoft.eu\/procourbe\/politica-de-cookies\/#primaryimage"},"thumbnailUrl":"https:\/\/dev.maicrosoft.eu\/procourbe\/wp-content\/uploads\/2025\/09\/mayer-tawfik-48p7Msgwa84-unsplash-scaled.jpg","datePublished":"2025-09-15T07:36:26+00:00","dateModified":"2025-09-15T07:40:16+00:00","breadcrumb":{"@id":"https:\/\/dev.maicrosoft.eu\/procourbe\/politica-de-cookies\/#breadcrumb"},"inLanguage":"es","potentialAction":[{"@type":"ReadAction","target":["https:\/\/dev.maicrosoft.eu\/procourbe\/politica-de-cookies\/"]}]},{"@type":"ImageObject","inLanguage":"es","@id":"https:\/\/dev.maicrosoft.eu\/procourbe\/politica-de-cookies\/#primaryimage","url":"https:\/\/dev.maicrosoft.eu\/procourbe\/wp-content\/uploads\/2025\/09\/mayer-tawfik-48p7Msgwa84-unsplash-scaled.jpg","contentUrl":"https:\/\/dev.maicrosoft.eu\/procourbe\/wp-content\/uploads\/2025\/09\/mayer-tawfik-48p7Msgwa84-unsplash-scaled.jpg","width":1707,"height":2560,"caption":"\"\""},{"@type":"BreadcrumbList","@id":"https:\/\/dev.maicrosoft.eu\/procourbe\/politica-de-cookies\/#breadcrumb","itemListElement":[{"@type":"ListItem","position":1,"name":"Portada","item":"https:\/\/dev.maicrosoft.eu\/procourbe\/"},{"@type":"ListItem","position":2,"name":"Pol\u00edtica de cookies"}]},{"@type":"WebSite","@id":"https:\/\/dev.maicrosoft.eu\/procourbe\/#website","url":"https:\/\/dev.maicrosoft.eu\/procourbe\/","name":"Procourbe","description":"","publisher":{"@id":"https:\/\/dev.maicrosoft.eu\/procourbe\/#organization"},"potentialAction":[{"@type":"SearchAction","target":{"@type":"EntryPoint","urlTemplate":"https:\/\/dev.maicrosoft.eu\/procourbe\/?s={search_term_string}"},"query-input":{"@type":"PropertyValueSpecification","valueRequired":true,"valueName":"search_term_string"}}],"inLanguage":"es"},{"@type":"Organization","@id":"https:\/\/dev.maicrosoft.eu\/procourbe\/#organization","name":"Procourbe","url":"https:\/\/dev.maicrosoft.eu\/procourbe\/","logo":{"@type":"ImageObject","inLanguage":"es","@id":"https:\/\/dev.maicrosoft.eu\/procourbe\/#\/schema\/logo\/image\/","url":"https:\/\/dev.maicrosoft.eu\/procourbe\/wp-content\/uploads\/2025\/09\/Logo_procourbe.png","contentUrl":"https:\/\/dev.maicrosoft.eu\/procourbe\/wp-content\/uploads\/2025\/09\/Logo_procourbe.png","width":281,"height":97,"caption":"Procourbe"},"image":{"@id":"https:\/\/dev.maicrosoft.eu\/procourbe\/#\/schema\/logo\/image\/"}}]}},"_links":{"self":[{"href":"https:\/\/dev.maicrosoft.eu\/procourbe\/wp-json\/wp\/v2\/pages\/58140","targetHints":{"allow":["GET"]}}],"collection":[{"href":"https:\/\/dev.maicrosoft.eu\/procourbe\/wp-json\/wp\/v2\/pages"}],"about":[{"href":"https:\/\/dev.maicrosoft.eu\/procourbe\/wp-json\/wp\/v2\/types\/page"}],"author":[{"embeddable":true,"href":"https:\/\/dev.maicrosoft.eu\/procourbe\/wp-json\/wp\/v2\/users\/1"}],"replies":[{"embeddable":true,"href":"https:\/\/dev.maicrosoft.eu\/procourbe\/wp-json\/wp\/v2\/comments?post=58140"}],"version-history":[{"count":7,"href":"https:\/\/dev.maicrosoft.eu\/procourbe\/wp-json\/wp\/v2\/pages\/58140\/revisions"}],"predecessor-version":[{"id":58147,"href":"https:\/\/dev.maicrosoft.eu\/procourbe\/wp-json\/wp\/v2\/pages\/58140\/revisions\/58147"}],"wp:featuredmedia":[{"embeddable":true,"href":"https:\/\/dev.maicrosoft.eu\/procourbe\/wp-json\/wp\/v2\/media\/57978"}],"wp:attachment":[{"href":"https:\/\/dev.maicrosoft.eu\/procourbe\/wp-json\/wp\/v2\/media?parent=58140"}],"curies":[{"name":"wp","href":"https:\/\/api.w.org\/{rel}","templated":true}]}}